{"id":68,"date":"2026-01-21T16:45:28","date_gmt":"2026-01-21T16:45:28","guid":{"rendered":"https:\/\/garnier-industries.com\/?page_id=68"},"modified":"2026-01-28T15:25:10","modified_gmt":"2026-01-28T15:25:10","slug":"chaudronnerie","status":"publish","type":"page","link":"https:\/\/garnier-industries.com\/index.php\/chaudronnerie\/","title":{"rendered":"CHAUDRONNERIE"},"content":{"rendered":"\n<div class=\"wp-block-group has-global-padding is-layout-constrained wp-container-core-group-is-layout-0c9c989a wp-block-group-is-layout-constrained\" style=\"min-height:0vh;margin-top:0;margin-bottom:0;padding-top:var(--wp--preset--spacing--70);padding-right:var(--wp--preset--spacing--40);padding-bottom:var(--wp--preset--spacing--70);padding-left:var(--wp--preset--spacing--40)\">\n<div class=\"wp-block-group alignwide has-global-padding is-content-justification-left is-layout-constrained wp-container-core-group-is-layout-4aa91cc0 wp-block-group-is-layout-constrained\">\n<h2 class=\"wp-block-heading alignfull has-text-align-center has-xx-large-font-size\" style=\"margin-right:0;margin-left:0;padding-right:0;padding-left:0\">Votre sp\u00e9cialiste de la<br>chaudronnerie implant\u00e9e<br>\u00e0 Entrelacs<\/h2>\n\n\n\n<p class=\"has-text-align-center\"><\/p>\n\n\n\n<p class=\"has-text-align-left\">Situ\u00e9e \u00e0 Entrelacs dans le d\u00e9partement de la Savoie (73), la soci\u00e9t\u00e9 Garnier a su d\u00e9velopper ses comp\u00e9tences dans les domaines de la chaudronnerie, de la t\u00f4lerie et de la d\u00e9coupe laser 2D, laser tube et laser 3D<\/p>\n\n\n\n<p class=\"has-text-align-left\">Nous sommes en mesure de r\u00e9aliser des b\u00e2tis de machines, tous types de ch\u00e2ssis m\u00e9cano-soud\u00e9s, de passerelles et autres structures m\u00e9talliques. Nous effectuons de la chaudronnerie de pr\u00e9cision, et fabriquons des ensembles, des sous ensembles complets incluant l\u2019usinage et le montage. Les mat\u00e9riaux travaill\u00e9s sont essentiellement l&rsquo;inox, l&rsquo;aluminium et l&rsquo;acier.<\/p>\n\n\n\n<p class=\"has-text-align-center\"><\/p>\n\n\n\n<p class=\"has-text-align-center\"><\/p>\n\n\n\n<p class=\"has-text-align-center\"><\/p>\n<\/div>\n<\/div>\n\n\n\n<div class=\"wp-block-group alignfull is-style-section-1 has-global-padding is-layout-constrained wp-block-group-is-layout-constrained is-style-section-1--1\" style=\"margin-top:0;margin-bottom:0;padding-top:var(--wp--preset--spacing--80);padding-bottom:var(--wp--preset--spacing--80)\">\n<div class=\"wp-block-columns alignwide is-layout-flex wp-container-core-columns-is-layout-66fad18a wp-block-columns-is-layout-flex\">\n<div class=\"wp-block-column is-layout-flow wp-block-column-is-layout-flow\" style=\"padding-right:var(--wp--preset--spacing--50);flex-basis:45%\">\n<figure class=\"wp-block-image size-full\"><img loading=\"lazy\" decoding=\"async\" width=\"2047\" height=\"2047\" src=\"http:\/\/garnier-industries.com\/wp-content\/uploads\/2026\/01\/Gros-chassis-de-1.8-tonnes.jpg\" alt=\"\" class=\"wp-image-69\" srcset=\"https:\/\/garnier-industries.com\/wp-content\/uploads\/2026\/01\/Gros-chassis-de-1.8-tonnes.jpg 2047w, https:\/\/garnier-industries.com\/wp-content\/uploads\/2026\/01\/Gros-chassis-de-1.8-tonnes-300x300.jpg 300w, https:\/\/garnier-industries.com\/wp-content\/uploads\/2026\/01\/Gros-chassis-de-1.8-tonnes-1024x1024.jpg 1024w, https:\/\/garnier-industries.com\/wp-content\/uploads\/2026\/01\/Gros-chassis-de-1.8-tonnes-150x150.jpg 150w, https:\/\/garnier-industries.com\/wp-content\/uploads\/2026\/01\/Gros-chassis-de-1.8-tonnes-768x768.jpg 768w, https:\/\/garnier-industries.com\/wp-content\/uploads\/2026\/01\/Gros-chassis-de-1.8-tonnes-1536x1536.jpg 1536w\" sizes=\"auto, (max-width: 2047px) 100vw, 2047px\" \/><\/figure>\n\n\n\n<div class=\"wp-block-group has-global-padding is-layout-constrained wp-block-group-is-layout-constrained\" style=\"margin-top:-12vw\">\n<figure class=\"wp-block-image alignright size-full is-resized\" style=\"margin-right:-5vw;margin-left:-5vw\"><img loading=\"lazy\" decoding=\"async\" width=\"540\" height=\"960\" src=\"https:\/\/garnier-industries.com\/wp-content\/uploads\/2026\/01\/Chassis-tubulaire.jpg\" alt=\"\" class=\"wp-image-70\" style=\"width:202px\" srcset=\"https:\/\/garnier-industries.com\/wp-content\/uploads\/2026\/01\/Chassis-tubulaire.jpg 540w, https:\/\/garnier-industries.com\/wp-content\/uploads\/2026\/01\/Chassis-tubulaire-169x300.jpg 169w\" sizes=\"auto, (max-width: 540px) 100vw, 540px\" \/><\/figure>\n<\/div>\n<\/div>\n\n\n\n<div class=\"wp-block-column is-vertically-aligned-center is-layout-flow wp-block-column-is-layout-flow\" style=\"padding-right:0;padding-left:0;flex-basis:50%\">\n<p class=\"is-style-text-subtitle is-style-text-subtitle--2\">Que votre besoin soit unitaire ou en s\u00e9rie, nous pouvons r\u00e9pondre avec une prestation de qualit\u00e9, avec du parach\u00e8vement (assemblage, soudure, goujonnage\u2026) si n\u00e9cessaire. Nous assurons \u00e9galement la livraison de vos pi\u00e8ces par nos soins dans les d\u00e9partements limitrophes. (Haute Savoie 74, Ain 01, Is\u00e8re 38, Rh\u00f4ne 69, Suisse Romande CH\u2026).<\/p>\n\n\n\n<p class=\"is-style-text-subtitle is-style-text-subtitle--3\"><\/p>\n<\/div>\n<\/div>\n<\/div>\n\n\n\n<div class=\"wp-block-group alignfull has-global-padding is-layout-constrained wp-block-group-is-layout-constrained\" style=\"margin-top:0;margin-bottom:0;padding-top:var(--wp--preset--spacing--60);padding-bottom:var(--wp--preset--spacing--60)\">\n<div class=\"wp-block-columns alignwide is-layout-flex wp-container-core-columns-is-layout-74b2cda3 wp-block-columns-is-layout-flex\">\n<div class=\"wp-block-column is-layout-flow wp-block-column-is-layout-flow\">\n<div class=\"wp-block-group is-vertical is-content-justification-left is-layout-flex wp-container-core-group-is-layout-7ce391b6 wp-block-group-is-layout-flex\" style=\"min-height:100%\">\n<blockquote class=\"wp-block-quote is-style-plain has-x-large-font-size is-layout-flow wp-container-core-quote-is-layout-5dafc681 wp-block-quote-is-layout-flow is-style-plain--4\" style=\"font-style:normal;font-weight:400\">\n<div class=\"wp-block-group has-global-padding is-content-justification-left is-layout-constrained wp-container-core-group-is-layout-085bd3d9 wp-block-group-is-layout-constrained\" style=\"margin-top:0;margin-bottom:0;padding-top:0;padding-right:0;padding-bottom:0;padding-left:0\">\n<p class=\"has-text-align-left has-xx-large-font-size\">MOBILIERS ET D\u00c9CORATION D&rsquo;EXT\u00c9RIEUR<\/p>\n\n\n\n<p>Nos machines de d\u00e9coupe laser 2D et 3D nous permettent de r\u00e9aliser des pi\u00e8ces tr\u00e8s pr\u00e9cises, m\u00eame pour des demandes sp\u00e9cifiques ou de petite taille. Forts de notre savoir-faire et de notre exp\u00e9rience en t\u00f4lerie, chaudronnerie, nous vous accompagnons dans tous vos projets personnalis\u00e9s.<\/p>\n<\/div>\n<\/blockquote>\n<\/div>\n<\/div>\n\n\n\n<div class=\"wp-block-column is-layout-flow wp-block-column-is-layout-flow\" style=\"padding-top:0;padding-right:0;padding-bottom:0;padding-left:0\">\n<figure class=\"wp-block-image size-large\"><img loading=\"lazy\" decoding=\"async\" width=\"1024\" height=\"768\" src=\"https:\/\/garnier-industries.com\/wp-content\/uploads\/2026\/01\/Panneau-decoratif-1024x768.jpg\" alt=\"\" class=\"wp-image-72\" style=\"aspect-ratio:1;object-fit:cover\" srcset=\"https:\/\/garnier-industries.com\/wp-content\/uploads\/2026\/01\/Panneau-decoratif-1024x768.jpg 1024w, https:\/\/garnier-industries.com\/wp-content\/uploads\/2026\/01\/Panneau-decoratif-300x225.jpg 300w, https:\/\/garnier-industries.com\/wp-content\/uploads\/2026\/01\/Panneau-decoratif-768x576.jpg 768w, https:\/\/garnier-industries.com\/wp-content\/uploads\/2026\/01\/Panneau-decoratif-1536x1152.jpg 1536w, https:\/\/garnier-industries.com\/wp-content\/uploads\/2026\/01\/Panneau-decoratif.jpg 2040w\" sizes=\"auto, (max-width: 1024px) 100vw, 1024px\" \/><\/figure>\n<\/div>\n<\/div>\n\n\n\n<div class=\"wp-block-buttons is-layout-flex wp-block-buttons-is-layout-flex\">\n<div class=\"wp-block-button\"><a class=\"wp-block-button__link wp-element-button\" href=\"https:\/\/garnier-industries.com\/index.php\/realisations\/\">nos realisations<\/a><\/div>\n<\/div>\n<\/div>\n","protected":false},"excerpt":{"rendered":"<p>Votre sp\u00e9cialiste de lachaudronnerie implant\u00e9e\u00e0 Entrelacs Situ\u00e9e \u00e0 Entrelacs dans le d\u00e9partement de la Savoie (73), la soci\u00e9t\u00e9 Garnier a su d\u00e9velopper ses comp\u00e9tences dans les domaines de la chaudronnerie, de la t\u00f4lerie et de la d\u00e9coupe laser 2D, laser tube et laser 3D Nous sommes en mesure de r\u00e9aliser des b\u00e2tis de machines, tous [&hellip;]<\/p>\n","protected":false},"author":1,"featured_media":0,"parent":0,"menu_order":3,"comment_status":"closed","ping_status":"closed","template":"","meta":{"footnotes":""},"class_list":["post-68","page","type-page","status-publish","hentry"],"_links":{"self":[{"href":"https:\/\/garnier-industries.com\/index.php\/wp-json\/wp\/v2\/pages\/68","targetHints":{"allow":["GET"]}}],"collection":[{"href":"https:\/\/garnier-industries.com\/index.php\/wp-json\/wp\/v2\/pages"}],"about":[{"href":"https:\/\/garnier-industries.com\/index.php\/wp-json\/wp\/v2\/types\/page"}],"author":[{"embeddable":true,"href":"https:\/\/garnier-industries.com\/index.php\/wp-json\/wp\/v2\/users\/1"}],"replies":[{"embeddable":true,"href":"https:\/\/garnier-industries.com\/index.php\/wp-json\/wp\/v2\/comments?post=68"}],"version-history":[{"count":11,"href":"https:\/\/garnier-industries.com\/index.php\/wp-json\/wp\/v2\/pages\/68\/revisions"}],"predecessor-version":[{"id":166,"href":"https:\/\/garnier-industries.com\/index.php\/wp-json\/wp\/v2\/pages\/68\/revisions\/166"}],"wp:attachment":[{"href":"https:\/\/garnier-industries.com\/index.php\/wp-json\/wp\/v2\/media?parent=68"}],"curies":[{"name":"wp","href":"https:\/\/api.w.org\/{rel}","templated":true}]}}